{"id":755,"date":"2014-02-17T03:59:38","date_gmt":"2014-02-17T02:59:38","guid":{"rendered":"http:\/\/lopezdearenas.org\/inicio\/blog\/?page_id=755"},"modified":"2014-02-17T03:59:38","modified_gmt":"2014-02-17T02:59:38","slug":"miniempresa-educativa","status":"publish","type":"page","link":"https:\/\/lopezdearenas.org\/inicio\/blog\/miniempresa-educativa\/","title":{"rendered":"Miniempresa Educativa"},"content":{"rendered":"<p><strong><span style=\"color: #008000;\">INTRODUCCI\u00d3N<\/span><\/strong><\/p>\n<p>Dentro del Plan de Fomento de Cultura Emprendedora se establece la\u00a0creaci\u00f3n de un\u00a0itinerario de proyectos educativos para fomentar la educaci\u00f3n emprendedora a trav\u00e9s de la generaci\u00f3n de\u00a0miniempresas y otras\u00a0propuestas did\u00e1cticas\u00a0de generaci\u00f3n de valor, impulsando la colaboraci\u00f3n de los equipos docentes, la dinamizaci\u00f3n de la comunidad educativa y la conexi\u00f3n con el entorno, todo ello potenciando las competencias profesionales y personales del alumnado.<\/p>\n<p><strong><span style=\"color: #008000;\">DESCRIPCI\u00d3N<\/span><\/strong><\/p>\n<p><strong><span style=\"color: #008000;\">Tem\u00e1ticas<\/span><\/strong><\/p>\n<p>Se pretende fomentar activamente la creaci\u00f3n de mini-empresas educativas y otras\u00a0propuestas\u00a0did\u00e1cticas de generaci\u00f3n de valor en los centros escolares con la posibilidad de\u00a0desarrollar al final de curso encuentros denominados\u00a0Ferias de Emprendimiento.<\/p>\n<p>Existir\u00e1n diferentes proyectos educativos en funci\u00f3n de la etapa que servir\u00e1n de referencia\u00a0y\u00a0orientaci\u00f3n a los centros educativos, pudi\u00e9ndose utilizar para el desarrollo de la\u00a0\u00a0propuesta did\u00e1ctica a desarrollar por el centro cuantos estime oportunos y necesarios, siempre que vayan en la l\u00ednea explicada en la introducci\u00f3n. El desarrollo de estos\u00a0proyectos podr\u00e1 realizarse\u00a0 de manera conjunta con Andaluc\u00eda\u00a0Emprende, Fundaci\u00f3n P\u00fablica\u00a0Andaluza.<\/p>\n<p><strong><span style=\"color: #008000;\">Destinatarios<\/span><\/strong><\/p>\n<p>Alumnado de todas las etapas del sistema educativo.<\/p>\n<p><span style=\"color: #008000;\"><strong>Proyectos disponibles por etapas<\/strong><\/span><\/p>\n<p>Para el desarrollo del programa, el centro educativo tendr\u00e1 disponible los siguientes recursos\u00a0 educativos:<\/p>\n<p><strong>\u00a0Formaci\u00f3n Profesional de Grado Superior de Administraci\u00f3n y Finanzas<\/strong><\/p>\n<ul>\n<li>Proyecto Creando Empresa: desarrollo de una metodolog\u00eda de trabajo para la creaci\u00f3n empresas escolares.\u00a0 El nivel de profundizaci\u00f3n es mayor que en el caso de Empresa Joven Europea.<\/li>\n<\/ul>\n<p>&nbsp;<\/p>\n<p><strong><span style=\"color: #008000;\">Definici\u00f3n de Objetivos<\/span><\/strong><\/p>\n<ul>\n<li>Impulsar las metodolog\u00edas vinculadas con la educaci\u00f3n emprendedora.<\/li>\n<li>Ayudar al profesorado a desarrollar las competencias b\u00e1sicas y el curr\u00edculo desde un enfoque innovador.<\/li>\n<li>Potenciar las competencias personales y profesionales del alumnado.<\/li>\n<li>Interconectar el sistema educativo con el entorno.<\/li>\n<li>Valorar la figura de las personas emprendedoras.<\/li>\n<\/ul>\n","protected":false},"excerpt":{"rendered":"<p>INTRODUCCI\u00d3N Dentro del Plan de Fomento de Cultura Emprendedora se establece la\u00a0creaci\u00f3n de un\u00a0itinerario de proyectos educativos para fomentar la educaci\u00f3n emprendedora a trav\u00e9s de la generaci\u00f3n de\u00a0miniempresas y otras\u00a0propuestas did\u00e1cticas\u00a0de generaci\u00f3n de valor, impulsando la colaboraci\u00f3n de los equipos &hellip; <a href=\"https:\/\/lopezdearenas.org\/inicio\/blog\/miniempresa-educativa\/\">Sigue leyendo <span class=\"meta-nav\">&rarr;<\/span><\/a><\/p>\n","protected":false},"author":1,"featured_media":0,"parent":0,"menu_order":0,"comment_status":"open","ping_status":"open","template":"","meta":{"footnotes":""},"class_list":["post-755","page","type-page","status-publish","hentry"],"jetpack_sharing_enabled":true,"_links":{"self":[{"href":"https:\/\/lopezdearenas.org\/inicio\/blog\/wp-json\/wp\/v2\/pages\/755","targetHints":{"allow":["GET"]}}],"collection":[{"href":"https:\/\/lopezdearenas.org\/inicio\/blog\/wp-json\/wp\/v2\/pages"}],"about":[{"href":"https:\/\/lopezdearenas.org\/inicio\/blog\/wp-json\/wp\/v2\/types\/page"}],"author":[{"embeddable":true,"href":"https:\/\/lopezdearenas.org\/inicio\/blog\/wp-json\/wp\/v2\/users\/1"}],"replies":[{"embeddable":true,"href":"https:\/\/lopezdearenas.org\/inicio\/blog\/wp-json\/wp\/v2\/comments?post=755"}],"version-history":[{"count":1,"href":"https:\/\/lopezdearenas.org\/inicio\/blog\/wp-json\/wp\/v2\/pages\/755\/revisions"}],"predecessor-version":[{"id":756,"href":"https:\/\/lopezdearenas.org\/inicio\/blog\/wp-json\/wp\/v2\/pages\/755\/revisions\/756"}],"wp:attachment":[{"href":"https:\/\/lopezdearenas.org\/inicio\/blog\/wp-json\/wp\/v2\/media?parent=755"}],"curies":[{"name":"wp","href":"https:\/\/api.w.org\/{rel}","templated":true}]}}

<p><strong><span style="color: #008000;">INTRODUCCIÓN</span></strong></p>
<p>Dentro del Plan de Fomento de Cultura Emprendedora se establece la creación de un itinerario de proyectos educativos para fomentar la educación emprendedora a través de la generación de miniempresas y otras propuestas didácticas de generación de valor, impulsando la colaboración de los equipos docentes, la dinamización de la comunidad educativa y la conexión con el entorno, todo ello potenciando las competencias profesionales y personales del alumnado.</p>
<p><strong><span style="color: #008000;">DESCRIPCIÓN</span></strong></p>
<p><strong><span style="color: #008000;">Temáticas</span></strong></p>
<p>Se pretende fomentar activamente la creación de mini-empresas educativas y otras propuestas didácticas de generación de valor en los centros escolares con la posibilidad de desarrollar al final de curso encuentros denominados Ferias de Emprendimiento.</p>
<p>Existirán diferentes proyectos educativos en función de la etapa que servirán de referencia y orientación a los centros educativos, pudiéndose utilizar para el desarrollo de la  propuesta didáctica a desarrollar por el centro cuantos estime oportunos y necesarios, siempre que vayan en la línea explicada en la introducción. El desarrollo de estos proyectos podrá realizarse  de manera conjunta con Andalucía Emprende, Fundación Pública Andaluza.</p>
<p><strong><span style="color: #008000;">Destinatarios</span></strong></p>
<p>Alumnado de todas las etapas del sistema educativo.</p>
<p><span style="color: #008000;"><strong>Proyectos disponibles por etapas</strong></span></p>
<p>Para el desarrollo del programa, el centro educativo tendrá disponible los siguientes recursos  educativos:</p>
<p><strong> Formación Profesional de Grado Superior de Administración y Finanzas</strong></p>
<ul>
<li>Proyecto Creando Empresa: desarrollo de una metodología de trabajo para la creación empresas escolares.  El nivel de profundización es mayor que en el caso de Empresa Joven Europea.</li>
</ul>
<p>&nbsp;</p>
<p><strong><span style="color: #008000;">Definición de Objetivos</span></strong></p>
<ul>
<li>Impulsar las metodologías vinculadas con la educación emprendedora.</li>
<li>Ayudar al profesorado a desarrollar las competencias básicas y el currículo desde un enfoque innovador.</li>
<li>Potenciar las competencias personales y profesionales del alumnado.</li>
<li>Interconectar el sistema educativo con el entorno.</li>
<li>Valorar la figura de las personas emprendedoras.</li>
</ul>

<p>INTRODUCCIÓN Dentro del Plan de Fomento de Cultura Emprendedora se establece la creación de un itinerario de proyectos educativos para fomentar la educación emprendedora a través de la generación de miniempresas y otras propuestas didácticas de generación de valor, impulsando la colaboración de los equipos &hellip; <a href="https://lopezdearenas.org/inicio/blog/miniempresa-educativa/">Sigue leyendo <span class="meta-nav">&rarr;</span></a></p>
