{"id":7123,"date":"2019-02-13T13:41:08","date_gmt":"2019-02-13T12:41:08","guid":{"rendered":"https:\/\/lopezdearenas.org\/inicio\/blog\/?page_id=7123"},"modified":"2025-07-04T06:36:00","modified_gmt":"2025-07-04T05:36:00","slug":"secretaria","status":"publish","type":"page","link":"https:\/\/lopezdearenas.org\/inicio\/blog\/secretaria\/","title":{"rendered":"Secretar\u00eda"},"content":{"rendered":"\n<p>Horario de atenci\u00f3n en ventanilla: de 10:30 a 13:30 horas.<\/p>\n\n\n\n<p><strong>Correo directo a la Secretar\u00eda del Centro:<\/strong><\/p>\n\n\n\n<p>secretariageneral@lopezdearenas.net<\/p>\n\n\n\n<h2 class=\"wp-block-heading\">Tel\u00e9fono directo a Secretar\u00eda del Centro:<\/h2>\n\n\n\n<p>600 14 37 23  (De 09:00 a 14:00 horas)<\/p>\n\n\n\n<h2 class=\"wp-block-heading\"><\/h2>\n\n\n<div class=\"wp-block-image is-resized\">\n<figure class=\"aligncenter\"><img loading=\"lazy\" decoding=\"async\" width=\"500\" height=\"278\" src=\"https:\/\/lopezdearenas.org\/inicio\/blog\/wp-content\/uploads\/2014\/03\/logo-web.jpg\" alt=\"\" class=\"wp-image-1129\" srcset=\"https:\/\/lopezdearenas.org\/inicio\/blog\/wp-content\/uploads\/2014\/03\/logo-web.jpg 500w, https:\/\/lopezdearenas.org\/inicio\/blog\/wp-content\/uploads\/2014\/03\/logo-web-300x166.jpg 300w\" sizes=\"auto, (max-width: 500px) 100vw, 500px\" \/><\/figure><\/div>\n\n\n<p><\/p>\n","protected":false},"excerpt":{"rendered":"<p>Horario de atenci\u00f3n en ventanilla: de 10:30 a 13:30 horas. Correo directo a la Secretar\u00eda del Centro: secretariageneral@lopezdearenas.net Tel\u00e9fono directo a Secretar\u00eda del Centro: 600 14 37 23 (De 09:00 a 14:00 horas)<\/p>\n","protected":false},"author":1,"featured_media":0,"parent":0,"menu_order":0,"comment_status":"closed","ping_status":"closed","template":"","meta":{"footnotes":""},"class_list":["post-7123","page","type-page","status-publish","hentry"],"jetpack_sharing_enabled":true,"_links":{"self":[{"href":"https:\/\/lopezdearenas.org\/inicio\/blog\/wp-json\/wp\/v2\/pages\/7123","targetHints":{"allow":["GET"]}}],"collection":[{"href":"https:\/\/lopezdearenas.org\/inicio\/blog\/wp-json\/wp\/v2\/pages"}],"about":[{"href":"https:\/\/lopezdearenas.org\/inicio\/blog\/wp-json\/wp\/v2\/types\/page"}],"author":[{"embeddable":true,"href":"https:\/\/lopezdearenas.org\/inicio\/blog\/wp-json\/wp\/v2\/users\/1"}],"replies":[{"embeddable":true,"href":"https:\/\/lopezdearenas.org\/inicio\/blog\/wp-json\/wp\/v2\/comments?post=7123"}],"version-history":[{"count":19,"href":"https:\/\/lopezdearenas.org\/inicio\/blog\/wp-json\/wp\/v2\/pages\/7123\/revisions"}],"predecessor-version":[{"id":17079,"href":"https:\/\/lopezdearenas.org\/inicio\/blog\/wp-json\/wp\/v2\/pages\/7123\/revisions\/17079"}],"wp:attachment":[{"href":"https:\/\/lopezdearenas.org\/inicio\/blog\/wp-json\/wp\/v2\/media?parent=7123"}],"curies":[{"name":"wp","href":"https:\/\/api.w.org\/{rel}","templated":true}]}}