{"id":6804,"date":"2018-11-16T12:09:38","date_gmt":"2018-11-16T11:09:38","guid":{"rendered":"https:\/\/lopezdearenas.org\/inicio\/blog\/?page_id=6804"},"modified":"2025-11-26T10:47:06","modified_gmt":"2025-11-26T09:47:06","slug":"departamento-de-dibujo","status":"publish","type":"page","link":"https:\/\/lopezdearenas.org\/inicio\/blog\/departamento-de-dibujo\/","title":{"rendered":"Departamento de Dibujo"},"content":{"rendered":"<p><span style=\"text-decoration: underline;\"><span style=\"color: #333399;\"><strong>Profesorado:<\/strong><\/span><\/span><\/p>\n<ul>\n<li>Pineda S\u00e1nchez, Mar\u00eda Seila (<strong>Jefa de Departamento<\/strong>)<\/li>\n<\/ul>\n<p><span style=\"text-decoration: underline;\"><span style=\"color: #333399;\"><strong>Materias:<\/strong><\/span><\/span><\/p>\n<ul>\n<li>Educaci\u00f3n Pl\u00e1stica, Visual y Audiovisual 1\u00ba ESO<\/li>\n<li>Educaci\u00f3n Pl\u00e1stica, Visual y Audiovisual 3\u00ba ESO<\/li>\n<li>Dibujo T\u00e9cnico 2\u00ba Bachillerato<\/li>\n<li>Dibujo T\u00e9cnico 2\u00ba Bachillerato (optativa)<\/li>\n<\/ul>\n<p><span style=\"text-decoration: underline;\"><span style=\"color: #333399;\"><strong>Criterios de evaluaci\u00f3n:<\/strong><\/span><\/span><\/p>\n\n\n<div class=\"wp-block-group has-background\" style=\"background-color:#f0e9e9\"><div class=\"wp-block-group__inner-container is-layout-constrained wp-block-group-is-layout-constrained\">\n<div class=\"wp-block-file\"><a id=\"wp-block-file--media-526c880c-f8e8-4297-a05e-398483a8476e\" href=\"https:\/\/lopezdearenas.org\/inicio\/blog\/wp-content\/uploads\/2025\/11\/Criterios-de-evaluacion-EPVA.pdf\">Criterios de evaluaci\u00f3n EPVA<\/a><\/div>\n<\/div><\/div>\n\n\n\n<p class=\"has-medium-font-size\"><\/p>\n\n\n\n<p><\/p>\n","protected":false},"excerpt":{"rendered":"<p>Profesorado: Pineda S\u00e1nchez, Mar\u00eda Seila (Jefa de Departamento) Materias: Educaci\u00f3n Pl\u00e1stica, Visual y Audiovisual 1\u00ba ESO Educaci\u00f3n Pl\u00e1stica, Visual y Audiovisual 3\u00ba ESO Dibujo T\u00e9cnico 2\u00ba Bachillerato Dibujo T\u00e9cnico 2\u00ba Bachillerato (optativa) Criterios de evaluaci\u00f3n:<\/p>\n","protected":false},"author":1,"featured_media":0,"parent":0,"menu_order":0,"comment_status":"closed","ping_status":"closed","template":"","meta":{"footnotes":""},"class_list":["post-6804","page","type-page","status-publish","hentry"],"jetpack_sharing_enabled":false,"_links":{"self":[{"href":"https:\/\/lopezdearenas.org\/inicio\/blog\/wp-json\/wp\/v2\/pages\/6804","targetHints":{"allow":["GET"]}}],"collection":[{"href":"https:\/\/lopezdearenas.org\/inicio\/blog\/wp-json\/wp\/v2\/pages"}],"about":[{"href":"https:\/\/lopezdearenas.org\/inicio\/blog\/wp-json\/wp\/v2\/types\/page"}],"author":[{"embeddable":true,"href":"https:\/\/lopezdearenas.org\/inicio\/blog\/wp-json\/wp\/v2\/users\/1"}],"replies":[{"embeddable":true,"href":"https:\/\/lopezdearenas.org\/inicio\/blog\/wp-json\/wp\/v2\/comments?post=6804"}],"version-history":[{"count":20,"href":"https:\/\/lopezdearenas.org\/inicio\/blog\/wp-json\/wp\/v2\/pages\/6804\/revisions"}],"predecessor-version":[{"id":17445,"href":"https:\/\/lopezdearenas.org\/inicio\/blog\/wp-json\/wp\/v2\/pages\/6804\/revisions\/17445"}],"wp:attachment":[{"href":"https:\/\/lopezdearenas.org\/inicio\/blog\/wp-json\/wp\/v2\/media?parent=6804"}],"curies":[{"name":"wp","href":"https:\/\/api.w.org\/{rel}","templated":true}]}}