{"id":5283,"date":"2017-03-29T10:48:18","date_gmt":"2017-03-29T09:48:18","guid":{"rendered":"http:\/\/lopezdearenas.org\/inicio\/blog\/?page_id=5283"},"modified":"2017-05-03T09:05:16","modified_gmt":"2017-05-03T08:05:16","slug":"comunicaccion","status":"publish","type":"page","link":"https:\/\/lopezdearenas.org\/inicio\/blog\/comunicaccion\/","title":{"rendered":"ComunicAcci\u00f3n"},"content":{"rendered":"<p>Durante el curso 2016\/2017 se ha desarrollado en el I.E.S. L\u00f3pez de Arenas, el grupo de trabajo denominado Comunic-Acci\u00f3n. Adem\u00e1s del peri\u00f3dico escolar \u00abEl Barranco\u00bb que cumple su\u00a0vig\u00e9simo aniversario, el cual es editado en papel y en formato digital, durante este a\u00f1o hemos comenzado una nueva andadura audiovisual con la puesta en marcha de la Radio Escolar \u00abArenas FM\u00bb.<\/p>\n<p><strong>Educaci\u00f3n<\/strong>. Fernando Ca\u00f1amero y otros alumnos de Bachillerato entrevistan a D\u00f1a. Francisca Aparicio, Delegada Provincial de Educaci\u00f3n en Sevilla.<\/p>\n<p><a href=\"https:\/\/drive.google.com\/file\/d\/0B423B-rjEX64R0dqRG5peldoZEk\/view?usp=sharing\">Descargar entrevista<\/a><\/p>\n<p><a href=\"http:\/\/lopezdearenas.org\/inicio\/blog\/wp-content\/uploads\/2016\/06\/foto0.jpg\"><img loading=\"lazy\" decoding=\"async\" class=\"aligncenter size-medium wp-image-4646\" src=\"http:\/\/lopezdearenas.org\/inicio\/blog\/wp-content\/uploads\/2016\/06\/foto0-300x169.jpg\" alt=\"\" width=\"300\" height=\"169\" srcset=\"https:\/\/lopezdearenas.org\/inicio\/blog\/wp-content\/uploads\/2016\/06\/foto0-300x169.jpg 300w, https:\/\/lopezdearenas.org\/inicio\/blog\/wp-content\/uploads\/2016\/06\/foto0-768x432.jpg 768w, https:\/\/lopezdearenas.org\/inicio\/blog\/wp-content\/uploads\/2016\/06\/foto0-1024x576.jpg 1024w, https:\/\/lopezdearenas.org\/inicio\/blog\/wp-content\/uploads\/2016\/06\/foto0-500x281.jpg 500w, https:\/\/lopezdearenas.org\/inicio\/blog\/wp-content\/uploads\/2016\/06\/foto0.jpg 1336w\" sizes=\"auto, (max-width: 300px) 100vw, 300px\" \/><\/a><\/p>\n<p><strong>Educaci\u00f3n y seguridad<\/strong>. Entrevista a D. Antonio Cordero, miembro de la Guardia Civil, especialista en la divulgaci\u00f3n y prevenci\u00f3n de temas importantes de la educaci\u00f3n, como las drogas, el acoso escolar o los riesgos de internet.<\/p>\n<p><a href=\"https:\/\/drive.google.com\/file\/d\/0B423B-rjEX64YzVxSnNuMHJ2OTg\/view?usp=sharing\">Descargar entrevista<\/a><\/p>\n<p><a href=\"http:\/\/lopezdearenas.org\/inicio\/blog\/wp-content\/uploads\/2017\/02\/IMG_2389.jpg\"><img loading=\"lazy\" decoding=\"async\" class=\"aligncenter size-medium wp-image-5070\" src=\"http:\/\/lopezdearenas.org\/inicio\/blog\/wp-content\/uploads\/2017\/02\/IMG_2389-300x225.jpg\" alt=\"\" width=\"300\" height=\"225\" srcset=\"https:\/\/lopezdearenas.org\/inicio\/blog\/wp-content\/uploads\/2017\/02\/IMG_2389-300x225.jpg 300w, https:\/\/lopezdearenas.org\/inicio\/blog\/wp-content\/uploads\/2017\/02\/IMG_2389-768x576.jpg 768w, https:\/\/lopezdearenas.org\/inicio\/blog\/wp-content\/uploads\/2017\/02\/IMG_2389-1024x768.jpg 1024w, https:\/\/lopezdearenas.org\/inicio\/blog\/wp-content\/uploads\/2017\/02\/IMG_2389-400x300.jpg 400w, https:\/\/lopezdearenas.org\/inicio\/blog\/wp-content\/uploads\/2017\/02\/IMG_2389.jpg 1200w\" sizes=\"auto, (max-width: 300px) 100vw, 300px\" \/><\/a><\/p>\n<p><strong>Solidaridad y Derechos Humanos.<\/strong> Con motivo de las Jornadas de la Solidaridad y los Derechos Humanos, tras la conferencia ofrecida por el Dr. Jos\u00e9 P\u00e9rez Bernal y la Mesa Redonda con D\u00f1a. Cristina Gago Mu\u00f1iz, se ha realizado una entrevista en Arenas FM en la cual hemos podido profundizar sobre\u00a0la Donaci\u00f3n de \u00d3rganos y los Trasplantes.<\/p>\n<p><a href=\"https:\/\/drive.google.com\/file\/d\/0B423B-rjEX64Z2FTUVdEc1RvT2s\/view?usp=sharing\">Descargar entrevista Dr. Jos\u00e9 P\u00e9rez Bernal<\/a><\/p>\n<p><a href=\"https:\/\/drive.google.com\/file\/d\/0B423B-rjEX64bWtWNm9wcjZUUms\/view?usp=sharing\">Descargar entrevista Cristina Gago Mu\u00f1iz (trasplantada)<\/a><\/p>\n<p><a href=\"http:\/\/lopezdearenas.org\/inicio\/blog\/wp-content\/uploads\/2017\/04\/foto4-1.jpg\"><img loading=\"lazy\" decoding=\"async\" class=\"aligncenter size-medium wp-image-5329\" src=\"http:\/\/lopezdearenas.org\/inicio\/blog\/wp-content\/uploads\/2017\/04\/foto4-1-300x225.jpg\" alt=\"\" width=\"300\" height=\"225\" srcset=\"https:\/\/lopezdearenas.org\/inicio\/blog\/wp-content\/uploads\/2017\/04\/foto4-1-300x225.jpg 300w, https:\/\/lopezdearenas.org\/inicio\/blog\/wp-content\/uploads\/2017\/04\/foto4-1-768x576.jpg 768w, https:\/\/lopezdearenas.org\/inicio\/blog\/wp-content\/uploads\/2017\/04\/foto4-1-1024x768.jpg 1024w, https:\/\/lopezdearenas.org\/inicio\/blog\/wp-content\/uploads\/2017\/04\/foto4-1-400x300.jpg 400w, https:\/\/lopezdearenas.org\/inicio\/blog\/wp-content\/uploads\/2017\/04\/foto4-1.jpg 1200w\" sizes=\"auto, (max-width: 300px) 100vw, 300px\" \/><\/a><\/p>\n<p><a href=\"http:\/\/lopezdearenas.org\/inicio\/blog\/wp-content\/uploads\/2017\/04\/cartel2.png\"><img loading=\"lazy\" decoding=\"async\" class=\"aligncenter size-medium wp-image-5325\" src=\"http:\/\/lopezdearenas.org\/inicio\/blog\/wp-content\/uploads\/2017\/04\/cartel2-212x300.png\" alt=\"\" width=\"212\" height=\"300\" srcset=\"https:\/\/lopezdearenas.org\/inicio\/blog\/wp-content\/uploads\/2017\/04\/cartel2-212x300.png 212w, https:\/\/lopezdearenas.org\/inicio\/blog\/wp-content\/uploads\/2017\/04\/cartel2-768x1087.png 768w, https:\/\/lopezdearenas.org\/inicio\/blog\/wp-content\/uploads\/2017\/04\/cartel2-724x1024.png 724w, https:\/\/lopezdearenas.org\/inicio\/blog\/wp-content\/uploads\/2017\/04\/cartel2.png 1652w\" sizes=\"auto, (max-width: 212px) 100vw, 212px\" \/><\/a><\/p>\n<p><strong>Balonmano<\/strong>. Juan Manuel Lachica y Jalal Bouhafa entrevistan a Jorge V\u00e1zquez, Mario Macho y Jos\u00e9 Ignacio Berdugo, jugadores del Balonmano Martia en la categor\u00eda de cadetes.<\/p>\n<p><a href=\"https:\/\/drive.google.com\/file\/d\/0B423B-rjEX64MVJYR1E5NTZmVE0\/view?usp=sharing\">Descargar entrevista a jugadores<\/a><\/p>\n<p><a href=\"http:\/\/lopezdearenas.org\/inicio\/blog\/wp-content\/uploads\/2017\/03\/balonmano.jpg\"><img loading=\"lazy\" decoding=\"async\" class=\"aligncenter size-medium wp-image-5376\" src=\"http:\/\/lopezdearenas.org\/inicio\/blog\/wp-content\/uploads\/2017\/03\/balonmano-300x300.jpg\" alt=\"\" width=\"300\" height=\"300\" srcset=\"https:\/\/lopezdearenas.org\/inicio\/blog\/wp-content\/uploads\/2017\/03\/balonmano-300x300.jpg 300w, https:\/\/lopezdearenas.org\/inicio\/blog\/wp-content\/uploads\/2017\/03\/balonmano-150x150.jpg 150w, https:\/\/lopezdearenas.org\/inicio\/blog\/wp-content\/uploads\/2017\/03\/balonmano.jpg 368w\" sizes=\"auto, (max-width: 300px) 100vw, 300px\" \/><\/a><\/p>\n<p><strong>M\u00fasica<\/strong>. Alicia Portillo y Carmen Cort\u00e9s entrevistan a Luc\u00eda Mor\u00f3n, alumna de 3\u00ba ESO, que toca la trompeta.<\/p>\n<p><a href=\"https:\/\/drive.google.com\/file\/d\/0B423B-rjEX64VWZ6bkNGUGVNR1E\/view?usp=sharing\">Descargar entrevista a Luc\u00eda Mor\u00f3n<\/a><\/p>\n<p><a href=\"http:\/\/lopezdearenas.org\/inicio\/blog\/wp-content\/uploads\/2017\/03\/lucia.jpg\"><img loading=\"lazy\" decoding=\"async\" class=\"aligncenter size-medium wp-image-5374\" src=\"http:\/\/lopezdearenas.org\/inicio\/blog\/wp-content\/uploads\/2017\/03\/lucia-202x300.jpg\" alt=\"\" width=\"202\" height=\"300\" srcset=\"https:\/\/lopezdearenas.org\/inicio\/blog\/wp-content\/uploads\/2017\/03\/lucia-202x300.jpg 202w, https:\/\/lopezdearenas.org\/inicio\/blog\/wp-content\/uploads\/2017\/03\/lucia.jpg 416w\" sizes=\"auto, (max-width: 202px) 100vw, 202px\" \/><\/a><\/p>\n<p><strong>M\u00fasica<\/strong>. Entrevista a Guillermo Abad\u00eda, de 3\u00ba ESO, que toca el clarinete.<\/p>\n<p><a href=\"https:\/\/drive.google.com\/file\/d\/0B423B-rjEX64Q25EbTU2emJEWGc\/view?usp=sharing\">Descargar entrevista a Guillermo Abad\u00eda<\/a><\/p>\n<p><a href=\"http:\/\/lopezdearenas.org\/inicio\/blog\/wp-content\/uploads\/2017\/03\/guillermo.jpg\"><img loading=\"lazy\" decoding=\"async\" class=\"aligncenter size-medium wp-image-5375\" src=\"http:\/\/lopezdearenas.org\/inicio\/blog\/wp-content\/uploads\/2017\/03\/guillermo-300x180.jpg\" alt=\"\" width=\"300\" height=\"180\" srcset=\"https:\/\/lopezdearenas.org\/inicio\/blog\/wp-content\/uploads\/2017\/03\/guillermo-300x180.jpg 300w, https:\/\/lopezdearenas.org\/inicio\/blog\/wp-content\/uploads\/2017\/03\/guillermo-768x461.jpg 768w, https:\/\/lopezdearenas.org\/inicio\/blog\/wp-content\/uploads\/2017\/03\/guillermo-1024x614.jpg 1024w, https:\/\/lopezdearenas.org\/inicio\/blog\/wp-content\/uploads\/2017\/03\/guillermo-500x300.jpg 500w, https:\/\/lopezdearenas.org\/inicio\/blog\/wp-content\/uploads\/2017\/03\/guillermo.jpg 1600w\" sizes=\"auto, (max-width: 300px) 100vw, 300px\" \/><\/a><\/p>\n<p><strong>M\u00fasica<\/strong>. Entrevista a Juan Carlos Ram\u00edrez, cantante.<\/p>\n<p><a href=\"https:\/\/drive.google.com\/file\/d\/0B423B-rjEX64NEJVaUJWbXFnY1k\/view?usp=sharing\">Descargar entrevista a Juan Carlos Ram\u00edrez.<\/a><\/p>\n<p><a href=\"http:\/\/lopezdearenas.org\/inicio\/blog\/wp-content\/uploads\/2017\/03\/juancarlos.jpg\"><img loading=\"lazy\" decoding=\"async\" class=\"aligncenter size-medium wp-image-5378\" src=\"http:\/\/lopezdearenas.org\/inicio\/blog\/wp-content\/uploads\/2017\/03\/juancarlos-249x300.jpg\" alt=\"\" width=\"249\" height=\"300\" srcset=\"https:\/\/lopezdearenas.org\/inicio\/blog\/wp-content\/uploads\/2017\/03\/juancarlos-249x300.jpg 249w, https:\/\/lopezdearenas.org\/inicio\/blog\/wp-content\/uploads\/2017\/03\/juancarlos.jpg 300w\" sizes=\"auto, (max-width: 249px) 100vw, 249px\" \/><\/a><\/p>\n<p>&nbsp;<\/p>\n","protected":false},"excerpt":{"rendered":"<p>Durante el curso 2016\/2017 se ha desarrollado en el I.E.S. L\u00f3pez de Arenas, el grupo de trabajo denominado Comunic-Acci\u00f3n. Adem\u00e1s del peri\u00f3dico escolar \u00abEl Barranco\u00bb que cumple su\u00a0vig\u00e9simo aniversario, el cual es editado en papel y en formato digital, durante &hellip; <a href=\"https:\/\/lopezdearenas.org\/inicio\/blog\/comunicaccion\/\">Sigue leyendo <span class=\"meta-nav\">&rarr;<\/span><\/a><\/p>\n","protected":false},"author":1,"featured_media":0,"parent":0,"menu_order":0,"comment_status":"closed","ping_status":"closed","template":"","meta":{"footnotes":""},"class_list":["post-5283","page","type-page","status-publish","hentry"],"jetpack_sharing_enabled":true,"_links":{"self":[{"href":"https:\/\/lopezdearenas.org\/inicio\/blog\/wp-json\/wp\/v2\/pages\/5283","targetHints":{"allow":["GET"]}}],"collection":[{"href":"https:\/\/lopezdearenas.org\/inicio\/blog\/wp-json\/wp\/v2\/pages"}],"about":[{"href":"https:\/\/lopezdearenas.org\/inicio\/blog\/wp-json\/wp\/v2\/types\/page"}],"author":[{"embeddable":true,"href":"https:\/\/lopezdearenas.org\/inicio\/blog\/wp-json\/wp\/v2\/users\/1"}],"replies":[{"embeddable":true,"href":"https:\/\/lopezdearenas.org\/inicio\/blog\/wp-json\/wp\/v2\/comments?post=5283"}],"version-history":[{"count":7,"href":"https:\/\/lopezdearenas.org\/inicio\/blog\/wp-json\/wp\/v2\/pages\/5283\/revisions"}],"predecessor-version":[{"id":5379,"href":"https:\/\/lopezdearenas.org\/inicio\/blog\/wp-json\/wp\/v2\/pages\/5283\/revisions\/5379"}],"wp:attachment":[{"href":"https:\/\/lopezdearenas.org\/inicio\/blog\/wp-json\/wp\/v2\/media?parent=5283"}],"curies":[{"name":"wp","href":"https:\/\/api.w.org\/{rel}","templated":true}]}}