{"id":449,"date":"2014-01-14T13:54:36","date_gmt":"2014-01-14T12:54:36","guid":{"rendered":"http:\/\/lopezdearenas.org\/inicio\/blog\/?page_id=449"},"modified":"2014-02-02T10:44:45","modified_gmt":"2014-02-02T09:44:45","slug":"enlaces","status":"publish","type":"page","link":"https:\/\/lopezdearenas.org\/inicio\/blog\/enlaces\/","title":{"rendered":"Enlaces"},"content":{"rendered":"<p><span style=\"color: #008000;\"><strong>Junta de Andaluc\u00eda<\/strong><\/span><\/p>\n<p style=\"padding-left: 30px;\"><a title=\"Portal S\u00e9neca\" href=\"http:\/\/portalseneca.ced.junta-andalucia.es\/educacion\/portalseneca\/web\/seneca\/inicio\" target=\"_blank\">Portal S\u00e9neca<\/a><\/p>\n<p style=\"padding-left: 30px;\"><a href=\"http:\/\/www.juntadeandalucia.es\/educacion\" target=\"_blank\">Consejer\u00eda de Educaci\u00f3n<\/a><\/p>\n<p style=\"padding-left: 30px;\"><a href=\"http:\/\/www.juntadeandalucia.es\/averroes\/\" target=\"_blank\">Red Telem\u00e1tica Averroes<\/a><\/p>\n<p style=\"padding-left: 30px;\"><a href=\"http:\/\/www.juntadeandalucia.es\/educacion\/webportal\/web\/escuela-de-familias\">P\u00e1gina de Apoyo a las Familias<\/a><\/p>\n<p><span style=\"color: #008000;\"><strong>Relacionadas con nuestro centro<\/strong><\/span><\/p>\n<p style=\"padding-left: 30px;\"><a href=\"http:\/\/redcentros.ced.junta-andalucia.es\/centros-tic\/41008507\/moodle\/\" target=\"_blank\">Plataforma Moodle<\/a><\/p>\n<p style=\"padding-left: 30px;\"><a href=\"http:\/\/elpaneldelaciencia.blogspot.com.es\/\">Panel de la Ciencia<\/a><\/p>\n<p style=\"padding-left: 30px;\"><a href=\"http:\/\/grupodetrabajoquijote.blogspot.com.es\/\">Proyecto Quijote<\/a><\/p>\n<p style=\"padding-left: 30px;\"><a href=\"http:\/\/pifq.blogspot.com.es\/\">Ciencia Today<\/a><\/p>\n<p style=\"padding-left: 30px;\"><a href=\"http:\/\/www.lopezdearenasbilingue.blogspot.com.es\/\">Blog Biling\u00fce L\u00f3pez de Arenas<\/a><\/p>\n<p style=\"padding-left: 30px;\"><a href=\"http:\/\/tutoriaenglishlpv.blogspot.com.es\/\">Tutor\u00eda de Ingl\u00e9s<\/a><\/p>\n<p style=\"padding-left: 30px;\"><a href=\"https:\/\/martematicas.wordpress.com\/\">Matem\u00e1ticas en el Arte (Andaluc\u00eda Profundiza 2013)<\/a><\/p>\n<p style=\"padding-left: 30px;\"><a href=\"http:\/\/plantasmediterranea.blogspot.com.es\/\">Plantas Mediterr\u00e1neas (Andaluc\u00eda Profundiza 2013)<\/a><\/p>\n<p><span style=\"color: #008000;\"><strong>Relacionadas con Marchena<\/strong><\/span><\/p>\n<p style=\"padding-left: 30px;\"><a href=\"http:\/\/www.marchena.es\/\">Ayuntamiento de Marchena<\/a><\/p>\n<p style=\"padding-left: 30px;\"><a href=\"http:\/\/www.rtvmarchena.es\/\">Radio y Televisi\u00f3n Marchena<\/a><\/p>\n<p style=\"padding-left: 30px;\">\n","protected":false},"excerpt":{"rendered":"<p>Junta de Andaluc\u00eda Portal S\u00e9neca Consejer\u00eda de Educaci\u00f3n Red Telem\u00e1tica Averroes P\u00e1gina de Apoyo a las Familias Relacionadas con nuestro centro Plataforma Moodle Panel de la Ciencia Proyecto Quijote Ciencia Today Blog Biling\u00fce L\u00f3pez de Arenas Tutor\u00eda de Ingl\u00e9s Matem\u00e1ticas &hellip; <a href=\"https:\/\/lopezdearenas.org\/inicio\/blog\/enlaces\/\">Sigue leyendo <span class=\"meta-nav\">&rarr;<\/span><\/a><\/p>\n","protected":false},"author":1,"featured_media":0,"parent":0,"menu_order":0,"comment_status":"open","ping_status":"open","template":"","meta":{"footnotes":""},"class_list":["post-449","page","type-page","status-publish","hentry"],"jetpack_sharing_enabled":true,"_links":{"self":[{"href":"https:\/\/lopezdearenas.org\/inicio\/blog\/wp-json\/wp\/v2\/pages\/449","targetHints":{"allow":["GET"]}}],"collection":[{"href":"https:\/\/lopezdearenas.org\/inicio\/blog\/wp-json\/wp\/v2\/pages"}],"about":[{"href":"https:\/\/lopezdearenas.org\/inicio\/blog\/wp-json\/wp\/v2\/types\/page"}],"author":[{"embeddable":true,"href":"https:\/\/lopezdearenas.org\/inicio\/blog\/wp-json\/wp\/v2\/users\/1"}],"replies":[{"embeddable":true,"href":"https:\/\/lopezdearenas.org\/inicio\/blog\/wp-json\/wp\/v2\/comments?post=449"}],"version-history":[{"count":2,"href":"https:\/\/lopezdearenas.org\/inicio\/blog\/wp-json\/wp\/v2\/pages\/449\/revisions"}],"predecessor-version":[{"id":683,"href":"https:\/\/lopezdearenas.org\/inicio\/blog\/wp-json\/wp\/v2\/pages\/449\/revisions\/683"}],"wp:attachment":[{"href":"https:\/\/lopezdearenas.org\/inicio\/blog\/wp-json\/wp\/v2\/media?parent=449"}],"curies":[{"name":"wp","href":"https:\/\/api.w.org\/{rel}","templated":true}]}}