{"id":392,"date":"2014-01-07T11:25:25","date_gmt":"2014-01-07T10:25:25","guid":{"rendered":"http:\/\/lopezdearenas.org\/inicio\/blog\/?page_id=392"},"modified":"2025-04-25T22:07:47","modified_gmt":"2025-04-25T21:07:47","slug":"departamento-de-lengua","status":"publish","type":"page","link":"https:\/\/lopezdearenas.org\/inicio\/blog\/departamento-de-lengua\/","title":{"rendered":"Departamento de Lengua"},"content":{"rendered":"<p><span style=\"text-decoration: underline;\"><span style=\"color: #333399;\"><strong>Profesorado:<\/strong><\/span><\/span><\/p>\n<ul>\n<li>Lebr\u00f3n Jim\u00e9nez, Mercedes<\/li>\n<li>L\u00f3pez Berdugo, Gloria (<strong>Jefa del Departamento<\/strong>)<\/li>\n<li>Mora Mora, Jos\u00e9 Domingo\u00a0<\/li>\n<li>Moreno Bellido, Sara<\/li>\n<li>Rojas Rold\u00e1n, Manuela<\/li>\n<li>S\u00e1nchez S\u00e1nchez, M\u00aa Jos\u00e9<\/li>\n<\/ul>\n<p><span style=\"text-decoration: underline;\"><span style=\"color: #333399;\"><strong>Materias:<\/strong><\/span><\/span><\/p>\n<ul>\n<li>Lengua Castellana y Literatura &#8211; 1\u00ba ESO<\/li>\n<li>Atenci\u00f3n educativa &#8211; 1\u00ba ESO<\/li>\n<li>Lengua Castellana y Literatura &#8211; 2\u00ba ESO<\/li>\n<li>Atenci\u00f3n educativa &#8211; 2\u00ba ESO<\/li>\n<li>Lengua Castellana y Literatura &#8211; 3\u00ba ESO<\/li>\n<li>Atenci\u00f3n educativa &#8211; 3\u00ba ESO<\/li>\n<li>Lengua Castellana y Literatura &#8211; 4\u00ba ESO<\/li>\n<li>Artes esc\u00e9nicas y danza \u2013 4\u00ba ESO<\/li>\n<li>Lengua Castellana y Literatura &#8211; 1\u00ba Bachillerato<\/li>\n<li>Lengua Castellana y Literatura &#8211; 2\u00ba Bachillerato<\/li>\n<li>Comunicaci\u00f3n y sociedad I (1\u00baCFGB)<\/li>\n<\/ul>\n<p><span style=\"text-decoration: underline;\"><span style=\"color: #333399;\"><strong>Criterios de evaluaci\u00f3n:<\/strong><\/span><\/span><\/p>\n\n\n<div class=\"wp-block-group has-light-gray-background-color has-background is-vertical is-layout-flex wp-container-core-group-is-layout-8cf370e7 wp-block-group-is-layout-flex\">\n<div class=\"wp-block-file\"><a id=\"wp-block-file--media-8f7055be-65cf-4de2-ba02-9c3c8ea2d36b\" href=\"https:\/\/lopezdearenas.org\/inicio\/blog\/wp-content\/uploads\/2025\/04\/CRITERIOS-DE-EVALUACION-ESO.pdf\">CRITERIOS DE EVALUACI\u00d3N ESO<\/a><\/div>\n\n\n\n<div class=\"wp-block-file\"><a id=\"wp-block-file--media-3c324e2f-85a1-45c0-8141-1d07835ece7e\" href=\"https:\/\/lopezdearenas.org\/inicio\/blog\/wp-content\/uploads\/2025\/04\/CRITERIOS-DE-EVALUACION-OYD-3oESO.pdf\">CRITERIOS DE EVALUACI\u00d3N OYD 3\u00baESO<\/a><\/div>\n\n\n\n<div class=\"wp-block-file\"><a id=\"wp-block-file--media-c5c125a8-b773-4e8c-9a0b-de06f2d93c01\" href=\"https:\/\/lopezdearenas.org\/inicio\/blog\/wp-content\/uploads\/2025\/04\/CRITERIOS-DE-EVALUACION-BACHILLERATO.pdf\">CRITERIOS DE EVALUACI\u00d3N BACHILLERATO<\/a><\/div>\n<\/div>\n\n\n\n<p><\/p>\n","protected":false},"excerpt":{"rendered":"<p>Profesorado: Lebr\u00f3n Jim\u00e9nez, Mercedes L\u00f3pez Berdugo, Gloria (Jefa del Departamento) Mora Mora, Jos\u00e9 Domingo\u00a0 Moreno Bellido, Sara Rojas Rold\u00e1n, Manuela S\u00e1nchez S\u00e1nchez, M\u00aa Jos\u00e9 Materias: Lengua Castellana y Literatura &#8211; 1\u00ba ESO Atenci\u00f3n educativa &#8211; 1\u00ba ESO Lengua Castellana y &hellip; <a href=\"https:\/\/lopezdearenas.org\/inicio\/blog\/departamento-de-lengua\/\">Sigue leyendo <span class=\"meta-nav\">&rarr;<\/span><\/a><\/p>\n","protected":false},"author":1,"featured_media":0,"parent":0,"menu_order":0,"comment_status":"closed","ping_status":"open","template":"","meta":{"footnotes":""},"class_list":["post-392","page","type-page","status-publish","hentry"],"jetpack_sharing_enabled":false,"_links":{"self":[{"href":"https:\/\/lopezdearenas.org\/inicio\/blog\/wp-json\/wp\/v2\/pages\/392","targetHints":{"allow":["GET"]}}],"collection":[{"href":"https:\/\/lopezdearenas.org\/inicio\/blog\/wp-json\/wp\/v2\/pages"}],"about":[{"href":"https:\/\/lopezdearenas.org\/inicio\/blog\/wp-json\/wp\/v2\/types\/page"}],"author":[{"embeddable":true,"href":"https:\/\/lopezdearenas.org\/inicio\/blog\/wp-json\/wp\/v2\/users\/1"}],"replies":[{"embeddable":true,"href":"https:\/\/lopezdearenas.org\/inicio\/blog\/wp-json\/wp\/v2\/comments?post=392"}],"version-history":[{"count":22,"href":"https:\/\/lopezdearenas.org\/inicio\/blog\/wp-json\/wp\/v2\/pages\/392\/revisions"}],"predecessor-version":[{"id":16867,"href":"https:\/\/lopezdearenas.org\/inicio\/blog\/wp-json\/wp\/v2\/pages\/392\/revisions\/16867"}],"wp:attachment":[{"href":"https:\/\/lopezdearenas.org\/inicio\/blog\/wp-json\/wp\/v2\/media?parent=392"}],"curies":[{"name":"wp","href":"https:\/\/api.w.org\/{rel}","templated":true}]}}