{"id":264,"date":"2013-10-06T04:03:14","date_gmt":"2013-10-06T03:03:14","guid":{"rendered":"http:\/\/lopezdearenas.org\/inicio\/blog\/?page_id=264"},"modified":"2025-04-25T21:59:43","modified_gmt":"2025-04-25T20:59:43","slug":"departamento-de-cultura-clasica","status":"publish","type":"page","link":"https:\/\/lopezdearenas.org\/inicio\/blog\/departamento-de-cultura-clasica\/","title":{"rendered":"Departamento de Cultura Cl\u00e1sica"},"content":{"rendered":"\n<p class=\"has-text-color has-link-color wp-elements-c509f92e61e695dd30331678d32f6c98\" style=\"color:#241597fa\"><strong><span style=\"text-decoration: underline;\">Profesorado:<\/span><\/strong><\/p>\n\n\n\n<ul class=\"wp-block-list\">\n<li>Calder\u00f3n S\u00e1nchez, Mar\u00eda Auxiliadora (<strong>Jefa del Departamento<\/strong>)<\/li>\n<\/ul>\n\n\n\n<div class=\"wp-block-group has-background is-vertical is-content-justification-stretch is-layout-flex wp-container-core-group-is-layout-b16ad781 wp-block-group-is-layout-flex\" style=\"background-color:#e4e1e1\">\n<p class=\"has-text-color has-link-color wp-elements-89d6fb683a1590e4f3d0f1e70f22446b\" style=\"color:#2319ac\"><strong><span style=\"text-decoration: underline;\">Materias:<\/span><\/strong><\/p>\n\n\n\n<ul class=\"wp-block-list\">\n<li>Lat\u00edn 4\u00ba ESO&nbsp;&nbsp;&nbsp;<\/li>\n\n\n\n<li>Griego 1\u00ba Bachillerato Humanidades&nbsp;&nbsp;&nbsp;&nbsp;<\/li>\n\n\n\n<li>Lat\u00edn 1\u00ba Bachillerato Humanidades<\/li>\n\n\n\n<li>Griego 2\u00ba Bachillerato Humanidades<\/li>\n\n\n\n<li>Lat\u00edn 2\u00ba Bachillerato Humanidades<\/li>\n<\/ul>\n<\/div>\n\n\n\n<hr class=\"wp-block-separator has-alpha-channel-opacity\"\/>\n\n\n\n<div class=\"wp-block-group has-background is-vertical is-layout-flex wp-container-core-group-is-layout-8cf370e7 wp-block-group-is-layout-flex\" style=\"background-color:#f3f3f6\">\n<p><span style=\"text-decoration: underline;\"><span style=\"color: #333399;\"><strong>Criterios de evaluaci\u00f3n:<\/strong><\/span><\/span><\/p>\n\n\n\n<div class=\"wp-block-file\"><a id=\"wp-block-file--media-50584390-75bc-47b3-8ee8-1d5517f75878\" href=\"https:\/\/lopezdearenas.org\/inicio\/blog\/wp-content\/uploads\/2025\/02\/Competencias-Criterios-y-saberes-Basicos-GRIEGO-I.pdf\">Competencias Criterios y saberes B\u00e1sicos GRIEGO I<\/a><\/div>\n\n\n\n<div class=\"wp-block-file\"><a id=\"wp-block-file--media-c8103fda-8072-4642-a591-c34b3c49a002\" href=\"https:\/\/lopezdearenas.org\/inicio\/blog\/wp-content\/uploads\/2025\/02\/Competencias-Criterios-y-Saberes-Basicos-GRIEGO-II.pdf\">Competencias Criterios y Saberes B\u00e1sicos GRIEGO II<\/a><\/div>\n\n\n\n<div class=\"wp-block-file\"><a id=\"wp-block-file--media-5456d46a-00e8-42b2-91f7-679b46b2a6f1\" href=\"https:\/\/lopezdearenas.org\/inicio\/blog\/wp-content\/uploads\/2025\/02\/Competencias-Criterios-y-Saberes-Basicos-LATIN-4oESO.pdf\">Competencias Criterios y Saberes B\u00e1sicos LAT\u00cdN 4\u00baESO<\/a><\/div>\n\n\n\n<div class=\"wp-block-file\"><a id=\"wp-block-file--media-20c7c3ef-4513-4b75-9bd3-27e537899628\" href=\"https:\/\/lopezdearenas.org\/inicio\/blog\/wp-content\/uploads\/2025\/02\/Competencias-Criterios-y-Saberes-Basicos-LATIN-I.pdf\">Competencias Criterios y Saberes B\u00e1sicos LAT\u00cdN I<\/a><\/div>\n\n\n\n<div class=\"wp-block-file\"><a id=\"wp-block-file--media-610d9d98-6aec-4fa6-a37d-c22ff8200093\" href=\"https:\/\/lopezdearenas.org\/inicio\/blog\/wp-content\/uploads\/2025\/02\/Competencias-Criterios-y-Saberes-Basicos-LATIN-II.pdf\">Competencias Criterios y Saberes B\u00e1sicos LAT\u00cdN II<\/a><\/div>\n<\/div>\n\n\n\n<p><\/p>\n","protected":false},"excerpt":{"rendered":"<p>Profesorado: Materias: Criterios de evaluaci\u00f3n:<\/p>\n","protected":false},"author":1,"featured_media":0,"parent":0,"menu_order":0,"comment_status":"closed","ping_status":"open","template":"","meta":{"footnotes":""},"class_list":["post-264","page","type-page","status-publish","hentry"],"jetpack_sharing_enabled":false,"_links":{"self":[{"href":"https:\/\/lopezdearenas.org\/inicio\/blog\/wp-json\/wp\/v2\/pages\/264","targetHints":{"allow":["GET"]}}],"collection":[{"href":"https:\/\/lopezdearenas.org\/inicio\/blog\/wp-json\/wp\/v2\/pages"}],"about":[{"href":"https:\/\/lopezdearenas.org\/inicio\/blog\/wp-json\/wp\/v2\/types\/page"}],"author":[{"embeddable":true,"href":"https:\/\/lopezdearenas.org\/inicio\/blog\/wp-json\/wp\/v2\/users\/1"}],"replies":[{"embeddable":true,"href":"https:\/\/lopezdearenas.org\/inicio\/blog\/wp-json\/wp\/v2\/comments?post=264"}],"version-history":[{"count":22,"href":"https:\/\/lopezdearenas.org\/inicio\/blog\/wp-json\/wp\/v2\/pages\/264\/revisions"}],"predecessor-version":[{"id":16863,"href":"https:\/\/lopezdearenas.org\/inicio\/blog\/wp-json\/wp\/v2\/pages\/264\/revisions\/16863"}],"wp:attachment":[{"href":"https:\/\/lopezdearenas.org\/inicio\/blog\/wp-json\/wp\/v2\/media?parent=264"}],"curies":[{"name":"wp","href":"https:\/\/api.w.org\/{rel}","templated":true}]}}