{"id":1175,"date":"2014-03-24T12:23:22","date_gmt":"2014-03-24T11:23:22","guid":{"rendered":"http:\/\/lopezdearenas.org\/inicio\/blog\/?page_id=1175"},"modified":"2014-06-03T09:50:49","modified_gmt":"2014-06-03T08:50:49","slug":"creatividad-literaria","status":"publish","type":"page","link":"https:\/\/lopezdearenas.org\/inicio\/blog\/creatividad-literaria\/","title":{"rendered":"Creatividad Literaria"},"content":{"rendered":"<p>En nuestro centro se est\u00e1 llevando a cabo un taller de Creatividad Literaria donde los alumnos tienen la posibilidad de expresar su sentimientos, experiencias, sensaciones, ideas, fantas\u00edas, etc.<\/p>\n<p>Dicho proyecto est\u00e1 desarrollado y coordinado por el profesor D. Santiago Esteso.<\/p>\n<p>Aqu\u00ed podr\u00e1s encontrar Producciones de los alumnos, as\u00ed como Novedades y noticias (publicaciones, concursos, etc.)<\/p>\n<p><span style=\"color: #ff0000;\"><strong>Producciones de los Alumnos<\/strong><\/span><\/p>\n<p style=\"padding-left: 30px;\"><a href=\"http:\/\/lopezdearenas.org\/inicio\/blog\/wp-content\/uploads\/2014\/03\/IES-L\u00f3pez-de-Arenas-Marchena-PIES-EN-POLVOROSA-1\u00ba-B.ppt\" target=\"_blank\">PIES EN POLVOROSA 1\u00ba B<\/a><\/p>\n<p style=\"padding-left: 30px;\"><a href=\"http:\/\/lopezdearenas.org\/inicio\/blog\/wp-content\/uploads\/2014\/03\/IES-L\u00f3pez-de-Arenas-Marchena-PIES-EN-POLVOROSA-1\u00ba-C.ppt\" target=\"_blank\">PIES EN POLVOROSA 1\u00ba C<\/a><\/p>\n<p style=\"padding-left: 30px;\"><a href=\"http:\/\/lopezdearenas.org\/inicio\/blog\/wp-content\/uploads\/2014\/03\/Qu\u00e9-pasar\u00eda-si...-Cuentos-de-1\u00ba-B.pdf\" target=\"_blank\">Qu\u00e9 pasar\u00eda si&#8230; Cuentos de 1\u00ba B<\/a><\/p>\n<p style=\"padding-left: 30px;\"><a href=\"http:\/\/lopezdearenas.org\/inicio\/blog\/wp-content\/uploads\/2014\/03\/Qu\u00e9-pasar\u00eda-si...-Cuentos-de-1\u00ba-C.pdf\">Qu\u00e9 pasar\u00eda si&#8230; Cuentos de 1\u00ba C<\/a><\/p>\n<p style=\"padding-left: 30px;\"><a href=\"http:\/\/lopezdearenas.org\/inicio\/blog\/wp-content\/uploads\/2014\/03\/Publi-poemas-IES-L\u00f3pez-de-Arenas-Prof.-Santiago-Esteso-M.pdf\">Publi-Poemas (Alumnos de 1\u00ba B y 1\u00ba C)<\/a><\/p>\n<p style=\"padding-left: 30px;\"><a href=\"http:\/\/lopezdearenas.org\/inicio\/blog\/wp-content\/uploads\/2014\/06\/Recetas-de-autor-1\u00ba-B-y-C-Prof.-Santiago-Esteso-recetario-definitivo.pdf\">Recetas de autor (Alumnos de 1\u00ba B y 1\u00ba C)<\/a><\/p>\n<p><span style=\"color: #ff0000;\"><strong>Novedades y Noticias<\/strong><\/span><\/p>\n<p>&nbsp;<\/p>\n","protected":false},"excerpt":{"rendered":"<p>En nuestro centro se est\u00e1 llevando a cabo un taller de Creatividad Literaria donde los alumnos tienen la posibilidad de expresar su sentimientos, experiencias, sensaciones, ideas, fantas\u00edas, etc. Dicho proyecto est\u00e1 desarrollado y coordinado por el profesor D. Santiago Esteso. &hellip; <a href=\"https:\/\/lopezdearenas.org\/inicio\/blog\/creatividad-literaria\/\">Sigue leyendo <span class=\"meta-nav\">&rarr;<\/span><\/a><\/p>\n","protected":false},"author":1,"featured_media":0,"parent":0,"menu_order":0,"comment_status":"open","ping_status":"open","template":"","meta":{"footnotes":""},"class_list":["post-1175","page","type-page","status-publish","hentry"],"jetpack_sharing_enabled":true,"_links":{"self":[{"href":"https:\/\/lopezdearenas.org\/inicio\/blog\/wp-json\/wp\/v2\/pages\/1175","targetHints":{"allow":["GET"]}}],"collection":[{"href":"https:\/\/lopezdearenas.org\/inicio\/blog\/wp-json\/wp\/v2\/pages"}],"about":[{"href":"https:\/\/lopezdearenas.org\/inicio\/blog\/wp-json\/wp\/v2\/types\/page"}],"author":[{"embeddable":true,"href":"https:\/\/lopezdearenas.org\/inicio\/blog\/wp-json\/wp\/v2\/users\/1"}],"replies":[{"embeddable":true,"href":"https:\/\/lopezdearenas.org\/inicio\/blog\/wp-json\/wp\/v2\/comments?post=1175"}],"version-history":[{"count":8,"href":"https:\/\/lopezdearenas.org\/inicio\/blog\/wp-json\/wp\/v2\/pages\/1175\/revisions"}],"predecessor-version":[{"id":1521,"href":"https:\/\/lopezdearenas.org\/inicio\/blog\/wp-json\/wp\/v2\/pages\/1175\/revisions\/1521"}],"wp:attachment":[{"href":"https:\/\/lopezdearenas.org\/inicio\/blog\/wp-json\/wp\/v2\/media?parent=1175"}],"curies":[{"name":"wp","href":"https:\/\/api.w.org\/{rel}","templated":true}]}}