{"id":3593,"date":"2015-05-26T12:25:38","date_gmt":"2015-05-26T11:25:38","guid":{"rendered":"http:\/\/lopezdearenas.org\/inicio\/blog\/?page_id=3593"},"modified":"2015-07-09T11:19:46","modified_gmt":"2015-07-09T10:19:46","slug":"roboteando","status":"publish","type":"page","link":"http:\/\/lopezdearenas.org\/inicio\/blog\/roboteando\/","title":{"rendered":"Roboteando"},"content":{"rendered":"<p align=\"CENTER\"><span style=\"color: #008000;\"><strong><span style=\"font-size: medium;\"><u>ROBOTEANDO<\/u><\/span><\/strong><\/span><\/p>\n<p align=\"CENTER\"><span style=\"color: #008000;\"><strong><span style=\"font-size: medium;\"><u>Programa Andaluc\u00eda Profundiza<\/u><\/span><\/strong><\/span><\/p>\n<p align=\"JUSTIFY\"><span style=\"font-size: medium;\"> Un a\u00f1o m\u00e1s estamos desarrollando el programa profundiza de la Junta de Andaluc\u00eda este a\u00f1o profundizamos en la rob\u00f3tica a trav\u00e9s del paquete educativo de Lego mindstorm Ev3.<\/span><\/p>\n<p align=\"JUSTIFY\"><span style=\"color: #008000;\"><span style=\"font-size: large;\"><b>1\u00aa Sesi\u00f3n-Duraci\u00f3n 3h.<\/b><\/span><\/span><\/p>\n<p align=\"JUSTIFY\"><span style=\"font-size: large;\">Durante la primera sesi\u00f3n los alumnos se dedicaron a desempaquetar nuestro lego mindstorm EV3, mientras algunos alumnos montaban un robot b\u00e1sico, otros se dercargan el lenguaje de programaci\u00f3n de Lego en todos nuestros ordenadores. En esta sesi\u00f3n identificamos los actuadores, los sensores y el ladrillo programable, comparando estos con una persona.<\/span><\/p>\n<p align=\"JUSTIFY\"><img loading=\"lazy\" decoding=\"async\" class=\"aligncenter size-large wp-image-3650\" src=\"http:\/\/lopezdearenas.org\/inicio\/blog\/wp-content\/uploads\/2015\/05\/IMG_20150314_110002-1024x768.jpg\" alt=\"IMG_20150314_110002\" width=\"584\" height=\"438\" srcset=\"http:\/\/lopezdearenas.org\/inicio\/blog\/wp-content\/uploads\/2015\/05\/IMG_20150314_110002-1024x768.jpg 1024w, http:\/\/lopezdearenas.org\/inicio\/blog\/wp-content\/uploads\/2015\/05\/IMG_20150314_110002-300x225.jpg 300w, http:\/\/lopezdearenas.org\/inicio\/blog\/wp-content\/uploads\/2015\/05\/IMG_20150314_110002-400x300.jpg 400w, http:\/\/lopezdearenas.org\/inicio\/blog\/wp-content\/uploads\/2015\/05\/IMG_20150314_110002.jpg 1200w\" sizes=\"auto, (max-width: 584px) 100vw, 584px\" \/><\/p>\n<p align=\"JUSTIFY\"><img loading=\"lazy\" decoding=\"async\" class=\"aligncenter size-large wp-image-3651\" src=\"http:\/\/lopezdearenas.org\/inicio\/blog\/wp-content\/uploads\/2015\/05\/IMG_20150314_110013-1024x768.jpg\" alt=\"IMG_20150314_110013\" width=\"584\" height=\"438\" srcset=\"http:\/\/lopezdearenas.org\/inicio\/blog\/wp-content\/uploads\/2015\/05\/IMG_20150314_110013-1024x768.jpg 1024w, http:\/\/lopezdearenas.org\/inicio\/blog\/wp-content\/uploads\/2015\/05\/IMG_20150314_110013-300x225.jpg 300w, http:\/\/lopezdearenas.org\/inicio\/blog\/wp-content\/uploads\/2015\/05\/IMG_20150314_110013-400x300.jpg 400w, http:\/\/lopezdearenas.org\/inicio\/blog\/wp-content\/uploads\/2015\/05\/IMG_20150314_110013.jpg 1200w\" sizes=\"auto, (max-width: 584px) 100vw, 584px\" \/><\/p>\n<p align=\"JUSTIFY\"><span style=\"color: #008000;\"><span style=\"font-size: large;\"><b>2\u00aa Sesi\u00f3n-Duraci\u00f3n 3h.<\/b><\/span><\/span><\/p>\n<p align=\"JUSTIFY\"><span style=\"font-size: large;\">Durante la segunda sesi\u00f3n nos familiarizamos con los bloques de acci\u00f3n del lenguaje de programaci\u00f3n de Lego. As\u00ed realizamos programas en los que dise\u00f1\u00e1bamos nuestras propias expresiones para el robot, a trav\u00e9s de la pantalla o consegu\u00edamos que el robot emitiese los sonidos que quisi\u00e9ramos. Finalmente realizamos nuestro primer robot el cual se mov\u00eda realizando exactamente los movimientos que nosotros le hab\u00edamos dicho que realizara y emitiendo sonidos y\/o im\u00e1genes cuando nosotros quer\u00edamos.<\/span><\/p>\n<p align=\"JUSTIFY\"><img loading=\"lazy\" decoding=\"async\" class=\"aligncenter size-large wp-image-3652\" src=\"http:\/\/lopezdearenas.org\/inicio\/blog\/wp-content\/uploads\/2015\/05\/IMG_20150314_110027-1024x768.jpg\" alt=\"IMG_20150314_110027\" width=\"584\" height=\"438\" srcset=\"http:\/\/lopezdearenas.org\/inicio\/blog\/wp-content\/uploads\/2015\/05\/IMG_20150314_110027-1024x768.jpg 1024w, http:\/\/lopezdearenas.org\/inicio\/blog\/wp-content\/uploads\/2015\/05\/IMG_20150314_110027-300x225.jpg 300w, http:\/\/lopezdearenas.org\/inicio\/blog\/wp-content\/uploads\/2015\/05\/IMG_20150314_110027-400x300.jpg 400w, http:\/\/lopezdearenas.org\/inicio\/blog\/wp-content\/uploads\/2015\/05\/IMG_20150314_110027.jpg 1200w\" sizes=\"auto, (max-width: 584px) 100vw, 584px\" \/> <img loading=\"lazy\" decoding=\"async\" class=\"aligncenter size-large wp-image-3653\" src=\"http:\/\/lopezdearenas.org\/inicio\/blog\/wp-content\/uploads\/2015\/05\/IMG_20150314_110920-1024x768.jpg\" alt=\"IMG_20150314_110920\" width=\"584\" height=\"438\" srcset=\"http:\/\/lopezdearenas.org\/inicio\/blog\/wp-content\/uploads\/2015\/05\/IMG_20150314_110920-1024x768.jpg 1024w, http:\/\/lopezdearenas.org\/inicio\/blog\/wp-content\/uploads\/2015\/05\/IMG_20150314_110920-300x225.jpg 300w, http:\/\/lopezdearenas.org\/inicio\/blog\/wp-content\/uploads\/2015\/05\/IMG_20150314_110920-400x300.jpg 400w, http:\/\/lopezdearenas.org\/inicio\/blog\/wp-content\/uploads\/2015\/05\/IMG_20150314_110920.jpg 1200w\" sizes=\"auto, (max-width: 584px) 100vw, 584px\" \/> <img loading=\"lazy\" decoding=\"async\" class=\"aligncenter wp-image-3655 size-large\" src=\"http:\/\/lopezdearenas.org\/inicio\/blog\/wp-content\/uploads\/2015\/05\/IMG_20150314_110924-1024x768.jpg\" alt=\"IMG_20150314_110924\" width=\"584\" height=\"438\" srcset=\"http:\/\/lopezdearenas.org\/inicio\/blog\/wp-content\/uploads\/2015\/05\/IMG_20150314_110924-1024x768.jpg 1024w, http:\/\/lopezdearenas.org\/inicio\/blog\/wp-content\/uploads\/2015\/05\/IMG_20150314_110924-300x225.jpg 300w, http:\/\/lopezdearenas.org\/inicio\/blog\/wp-content\/uploads\/2015\/05\/IMG_20150314_110924-400x300.jpg 400w, http:\/\/lopezdearenas.org\/inicio\/blog\/wp-content\/uploads\/2015\/05\/IMG_20150314_110924.jpg 1200w\" sizes=\"auto, (max-width: 584px) 100vw, 584px\" \/><\/p>\n<p align=\"JUSTIFY\"><span style=\"color: #008000;\"><span style=\"font-size: large;\"><b>3\u00aa Sesi\u00f3n-Duraci\u00f3n 3h.<\/b><\/span><\/span><\/p>\n<p align=\"JUSTIFY\"><span style=\"font-size: large;\">En la tercera sesi\u00f3n explicamos como y porque funcionaban tres sensores , el sensor de contacto, el sensor de infrarrojos y el sensor de color. Tambi\u00e9n exploramos concienzudamente los bloques de flujo de Lego prestando especial inter\u00e9s en los bucles y en las ordenes de decisiones condicionales (interruptor). Por \u00faltimo nos propusimos realizar nuestro primer robot que reaccionase ante est\u00edmulos exteriores. As\u00ed conseguimos dise\u00f1ar un robot que andaba hacia delante y que cuando encontraba un obst\u00e1culo retroced\u00eda, y giraba en un \u00e1ngulo aleatorio (bloques de operaciones de datos) hacia otra direcci\u00f3n.<\/span><\/p>\n<p align=\"JUSTIFY\"><span style=\"font-size: large;\">Video robot detecta obst\u00e1culos<\/span><\/p>\n<p align=\"JUSTIFY\">[embedplusvideo height=\u00bb483&#8243; width=\u00bb584&#8243; editlink=\u00bbhttp:\/\/bit.ly\/1K8vSdi\u00bb standard=\u00bbhttp:\/\/www.youtube.com\/v\/KlDUClowGFU?fs=1&#8243; vars=\u00bbytid=KlDUClowGFU&amp;width=584&amp;height=483&amp;start=&amp;stop=&amp;rs=w&amp;hd=0&amp;autoplay=0&amp;react=1&amp;chapters=&amp;notes=\u00bb id=\u00bbep8565&#8243; \/]\n<p align=\"JUSTIFY\"><span style=\"color: #008000;\"><span style=\"font-size: large;\"><b>4\u00aa Sesi\u00f3n-Duraci\u00f3n 3h.<\/b><\/span><\/span><\/p>\n<p align=\"JUSTIFY\"><span style=\"font-size: large;\">En la cuarta sesi\u00f3n constru\u00edmos un robot que buscara un color y se parase cuando lo encontrara y tambi\u00e9n un robot que fuese capaz de seguir una l\u00ednea negra o roja.<\/span><\/p>\n<p align=\"JUSTIFY\"><span style=\"font-size: large;\">Video robot encuentra colores<\/span><\/p>\n<p align=\"JUSTIFY\">[embedplusvideo height=\u00bb483&#8243; width=\u00bb584&#8243; editlink=\u00bbhttp:\/\/bit.ly\/1K8vYlp\u00bb standard=\u00bbhttp:\/\/www.youtube.com\/v\/akayX6iaBmE?fs=1&#8243; vars=\u00bbytid=akayX6iaBmE&amp;width=584&amp;height=483&amp;start=&amp;stop=&amp;rs=w&amp;hd=0&amp;autoplay=0&amp;react=1&amp;chapters=&amp;notes=\u00bb id=\u00bbep6988&#8243; \/]\n<p align=\"JUSTIFY\"><span style=\"font-size: large;\">Videos robot sigue l\u00edneas<\/span><\/p>\n<p align=\"JUSTIFY\">[embedplusvideo height=\u00bb483&#8243; width=\u00bb584&#8243; editlink=\u00bbhttp:\/\/bit.ly\/1K8w0cS\u00bb standard=\u00bbhttp:\/\/www.youtube.com\/v\/I4Xhv_fUJ_U?fs=1&#8243; vars=\u00bbytid=I4Xhv_fUJ_U&amp;width=584&amp;height=483&amp;start=&amp;stop=&amp;rs=w&amp;hd=0&amp;autoplay=0&amp;react=1&amp;chapters=&amp;notes=\u00bb id=\u00bbep6492&#8243; \/]\n<p align=\"JUSTIFY\">[embedplusvideo height=\u00bb483&#8243; width=\u00bb584&#8243; editlink=\u00bbhttp:\/\/bit.ly\/1JpNlgL\u00bb standard=\u00bbhttp:\/\/www.youtube.com\/v\/VXqwUb3XIbE?fs=1&#8243; vars=\u00bbytid=VXqwUb3XIbE&amp;width=584&amp;height=483&amp;start=&amp;stop=&amp;rs=w&amp;hd=0&amp;autoplay=0&amp;react=1&amp;chapters=&amp;notes=\u00bb id=\u00bbep6343&#8243; \/]\n<p align=\"JUSTIFY\"><span style=\"color: #008000;\"><span style=\"font-size: large;\"><b>5\u00aa Sesi\u00f3n-Duraci\u00f3n 3h.<\/b><\/span><\/span><\/p>\n<p align=\"JUSTIFY\"><span style=\"font-size: large;\">En la quinta sesi\u00f3n nos propus\u00edmos manejar nuestro robot a distancia. Primero lo hicimos con un m\u00f3vil v\u00eda wi-fi para despu\u00e9s manejarlo con el control remoto de EV3 v\u00eda bluetooh.<\/span><\/p>\n<p align=\"JUSTIFY\"><span style=\"font-size: large;\">Video robot manejado mediante m\u00f3vil v\u00eda wi-fi<\/span><\/p>\n<p align=\"JUSTIFY\">[embedplusvideo height=\u00bb483&#8243; width=\u00bb584&#8243; editlink=\u00bbhttp:\/\/bit.ly\/1K8w3Wi\u00bb standard=\u00bbhttp:\/\/www.youtube.com\/v\/l9ySc7HzypQ?fs=1&#8243; vars=\u00bbytid=l9ySc7HzypQ&amp;width=584&amp;height=483&amp;start=&amp;stop=&amp;rs=w&amp;hd=0&amp;autoplay=0&amp;react=1&amp;chapters=&amp;notes=\u00bb id=\u00bbep8410&#8243; \/]\n<p align=\"JUSTIFY\"><span style=\"font-size: large;\">Video robot manejado v\u00eda bluetooh.<\/span><\/p>\n<p align=\"JUSTIFY\">[embedplusvideo height=\u00bb483&#8243; width=\u00bb584&#8243; editlink=\u00bbhttp:\/\/bit.ly\/1K8w5gT\u00bb standard=\u00bbhttp:\/\/www.youtube.com\/v\/YlHeXcmPOUE?fs=1&#8243; vars=\u00bbytid=YlHeXcmPOUE&amp;width=584&amp;height=483&amp;start=&amp;stop=&amp;rs=w&amp;hd=0&amp;autoplay=0&amp;react=1&amp;chapters=&amp;notes=\u00bb id=\u00bbep1594&#8243; \/]\n<p align=\"JUSTIFY\"><span style=\"color: #008000;\"><span style=\"font-size: large;\"><b>6\u00aa Sesi\u00f3n-Duraci\u00f3n 3h.<\/b><\/span><\/span><\/p>\n<p align=\"JUSTIFY\"><span style=\"font-size: large;\">En la sexta sesi\u00f3n investigamos un poco las posibilidades del bloque de la realizaci\u00f3n de operaciones aritm\u00e9ticas, aleatorias y l\u00f3gicas y las posibilidad de usar estas variables determinadas funciones del robot concretamente del display, sonidos y pantalla. Este bloque es muy interesante para poder desarrollar otro profundiza el a\u00f1o que viene.<\/span><\/p>\n<p align=\"JUSTIFY\"><span style=\"color: #008000;\"><span style=\"font-size: large;\"><b><b>7<\/b>\u00aa y 8\u00aa Sesi\u00f3n-Duraci\u00f3n <b>6<\/b>h.<\/b><\/span><\/span><\/p>\n<p align=\"JUSTIFY\">En la s\u00e9ptima y octava sesi\u00f3n visitamos el Parque Tecnol\u00f3gico de Andaluc\u00eda (PTA), situado en M\u00e1laga, en el cual, pudimos ver la evoluci\u00f3n tecnol\u00f3gica y empresarial de la ciudad de M\u00e1laga desde el siglo XIX. El propio parque nos ten\u00eda concertada una visita a los Institutos Universitarios de Investigaci\u00f3n y concretamente al Instituto Andaluz de Autom\u00e1tica Avanzada y Rob\u00f3tica (IAR). All\u00ed nos mostraron algunos brazos rob\u00f3ticos para aplicaciones quir\u00fargicas que est\u00e1n desarrollando en este departamento. En el siguiente enlace podr\u00e9is verlo mejor.<\/p>\n<p><iframe loading=\"lazy\" title=\"HDL: Cirujanos del futuro, robots capaces de entender voz y gestos para asistir en una operaci\u00f3n\" width=\"584\" height=\"329\" src=\"https:\/\/www.youtube.com\/embed\/LdqqScE6zNo?feature=oembed\" frameborder=\"0\" allow=\"accelerometer; autoplay; clipboard-write; encrypted-media; gyroscope; picture-in-picture; web-share\" referrerpolicy=\"strict-origin-when-cross-origin\" allowfullscreen><\/iframe><\/p>\n<p>Por \u00faltimo nos explicaron como controlar cualquiera de los telescopios acogidos al programa Gloria. Este programa nos permite controlar mediante sesiones de 15 minutos una serie de telescopios del mundo. Nos permite controlar el enfoque, las coordenadas hacia las que queremos dirigir el telescopio, controlar variables como la temperatura o el tiempo de exposici\u00f3n, si queremos sacar alguna fotograf\u00eda. Os dejamos aqu\u00ed el enlace:<\/p>\n<p><iframe loading=\"lazy\" title=\"HDL El Proyecto Gloria democratiza la astronom\u00eda con acceso online a una red mundial de telescopios\" width=\"584\" height=\"329\" src=\"https:\/\/www.youtube.com\/embed\/Cyv3lpoF_mA?feature=oembed\" frameborder=\"0\" allow=\"accelerometer; autoplay; clipboard-write; encrypted-media; gyroscope; picture-in-picture; web-share\" referrerpolicy=\"strict-origin-when-cross-origin\" allowfullscreen><\/iframe><\/p>\n<p>En definitiva, pasamos un d\u00eda divertido que adem\u00e1s nos abri\u00f3 nuevos horizontes para el curso pr\u00f3ximo.<\/p>\n<p><img loading=\"lazy\" decoding=\"async\" class=\"aligncenter wp-image-3734 size-large\" src=\"http:\/\/lopezdearenas.org\/inicio\/blog\/wp-content\/uploads\/2015\/05\/IMG_20150625_123707-1024x768.jpg\" alt=\"IMG_20150625_123707\" width=\"584\" height=\"438\" srcset=\"http:\/\/lopezdearenas.org\/inicio\/blog\/wp-content\/uploads\/2015\/05\/IMG_20150625_123707-1024x768.jpg 1024w, http:\/\/lopezdearenas.org\/inicio\/blog\/wp-content\/uploads\/2015\/05\/IMG_20150625_123707-300x225.jpg 300w, http:\/\/lopezdearenas.org\/inicio\/blog\/wp-content\/uploads\/2015\/05\/IMG_20150625_123707-400x300.jpg 400w, http:\/\/lopezdearenas.org\/inicio\/blog\/wp-content\/uploads\/2015\/05\/IMG_20150625_123707.jpg 1200w\" sizes=\"auto, (max-width: 584px) 100vw, 584px\" \/> <img loading=\"lazy\" decoding=\"async\" class=\"aligncenter wp-image-3735 size-large\" src=\"http:\/\/lopezdearenas.org\/inicio\/blog\/wp-content\/uploads\/2015\/05\/IMG_20150625_123720-1024x768.jpg\" alt=\"IMG_20150625_123720\" width=\"584\" height=\"438\" srcset=\"http:\/\/lopezdearenas.org\/inicio\/blog\/wp-content\/uploads\/2015\/05\/IMG_20150625_123720-1024x768.jpg 1024w, http:\/\/lopezdearenas.org\/inicio\/blog\/wp-content\/uploads\/2015\/05\/IMG_20150625_123720-300x225.jpg 300w, http:\/\/lopezdearenas.org\/inicio\/blog\/wp-content\/uploads\/2015\/05\/IMG_20150625_123720-400x300.jpg 400w, http:\/\/lopezdearenas.org\/inicio\/blog\/wp-content\/uploads\/2015\/05\/IMG_20150625_123720.jpg 1200w\" sizes=\"auto, (max-width: 584px) 100vw, 584px\" \/> <img loading=\"lazy\" decoding=\"async\" class=\"aligncenter wp-image-3736 size-large\" src=\"http:\/\/lopezdearenas.org\/inicio\/blog\/wp-content\/uploads\/2015\/05\/IMG_20150625_124559-768x1024.jpg\" alt=\"IMG_20150625_124559\" width=\"584\" height=\"779\" srcset=\"http:\/\/lopezdearenas.org\/inicio\/blog\/wp-content\/uploads\/2015\/05\/IMG_20150625_124559-768x1024.jpg 768w, http:\/\/lopezdearenas.org\/inicio\/blog\/wp-content\/uploads\/2015\/05\/IMG_20150625_124559-225x300.jpg 225w, http:\/\/lopezdearenas.org\/inicio\/blog\/wp-content\/uploads\/2015\/05\/IMG_20150625_124559.jpg 900w\" sizes=\"auto, (max-width: 584px) 100vw, 584px\" \/> <img loading=\"lazy\" decoding=\"async\" class=\"aligncenter wp-image-3737 size-large\" src=\"http:\/\/lopezdearenas.org\/inicio\/blog\/wp-content\/uploads\/2015\/05\/IMG_20150625_125431-1024x768.jpg\" alt=\"IMG_20150625_125431\" width=\"584\" height=\"438\" srcset=\"http:\/\/lopezdearenas.org\/inicio\/blog\/wp-content\/uploads\/2015\/05\/IMG_20150625_125431-1024x768.jpg 1024w, http:\/\/lopezdearenas.org\/inicio\/blog\/wp-content\/uploads\/2015\/05\/IMG_20150625_125431-300x225.jpg 300w, http:\/\/lopezdearenas.org\/inicio\/blog\/wp-content\/uploads\/2015\/05\/IMG_20150625_125431-400x300.jpg 400w, http:\/\/lopezdearenas.org\/inicio\/blog\/wp-content\/uploads\/2015\/05\/IMG_20150625_125431.jpg 1200w\" sizes=\"auto, (max-width: 584px) 100vw, 584px\" \/> <img loading=\"lazy\" decoding=\"async\" class=\"aligncenter wp-image-3738 size-large\" src=\"http:\/\/lopezdearenas.org\/inicio\/blog\/wp-content\/uploads\/2015\/05\/IMG_20150625_125734-1024x768.jpg\" alt=\"IMG_20150625_125734\" width=\"584\" height=\"438\" srcset=\"http:\/\/lopezdearenas.org\/inicio\/blog\/wp-content\/uploads\/2015\/05\/IMG_20150625_125734-1024x768.jpg 1024w, http:\/\/lopezdearenas.org\/inicio\/blog\/wp-content\/uploads\/2015\/05\/IMG_20150625_125734-300x225.jpg 300w, http:\/\/lopezdearenas.org\/inicio\/blog\/wp-content\/uploads\/2015\/05\/IMG_20150625_125734-400x300.jpg 400w, http:\/\/lopezdearenas.org\/inicio\/blog\/wp-content\/uploads\/2015\/05\/IMG_20150625_125734.jpg 1200w\" sizes=\"auto, (max-width: 584px) 100vw, 584px\" \/> <img loading=\"lazy\" decoding=\"async\" class=\"aligncenter wp-image-3739 size-large\" src=\"http:\/\/lopezdearenas.org\/inicio\/blog\/wp-content\/uploads\/2015\/05\/IMG_20150625_134609-1024x768.jpg\" alt=\"IMG_20150625_134609\" width=\"584\" height=\"438\" srcset=\"http:\/\/lopezdearenas.org\/inicio\/blog\/wp-content\/uploads\/2015\/05\/IMG_20150625_134609-1024x768.jpg 1024w, http:\/\/lopezdearenas.org\/inicio\/blog\/wp-content\/uploads\/2015\/05\/IMG_20150625_134609-300x225.jpg 300w, http:\/\/lopezdearenas.org\/inicio\/blog\/wp-content\/uploads\/2015\/05\/IMG_20150625_134609-400x300.jpg 400w, http:\/\/lopezdearenas.org\/inicio\/blog\/wp-content\/uploads\/2015\/05\/IMG_20150625_134609.jpg 1200w\" sizes=\"auto, (max-width: 584px) 100vw, 584px\" \/> <img loading=\"lazy\" decoding=\"async\" class=\"aligncenter wp-image-3740 size-large\" src=\"http:\/\/lopezdearenas.org\/inicio\/blog\/wp-content\/uploads\/2015\/05\/IMG_20150625_131756-1024x768.jpg\" alt=\"IMG_20150625_131756\" width=\"584\" height=\"438\" srcset=\"http:\/\/lopezdearenas.org\/inicio\/blog\/wp-content\/uploads\/2015\/05\/IMG_20150625_131756-1024x768.jpg 1024w, http:\/\/lopezdearenas.org\/inicio\/blog\/wp-content\/uploads\/2015\/05\/IMG_20150625_131756-300x225.jpg 300w, http:\/\/lopezdearenas.org\/inicio\/blog\/wp-content\/uploads\/2015\/05\/IMG_20150625_131756-400x300.jpg 400w, http:\/\/lopezdearenas.org\/inicio\/blog\/wp-content\/uploads\/2015\/05\/IMG_20150625_131756.jpg 1200w\" sizes=\"auto, (max-width: 584px) 100vw, 584px\" \/> <img loading=\"lazy\" decoding=\"async\" class=\"aligncenter wp-image-3741 size-large\" src=\"http:\/\/lopezdearenas.org\/inicio\/blog\/wp-content\/uploads\/2015\/05\/IMG_20150625_131825-1024x768.jpg\" alt=\"IMG_20150625_131825\" width=\"584\" height=\"438\" srcset=\"http:\/\/lopezdearenas.org\/inicio\/blog\/wp-content\/uploads\/2015\/05\/IMG_20150625_131825-1024x768.jpg 1024w, http:\/\/lopezdearenas.org\/inicio\/blog\/wp-content\/uploads\/2015\/05\/IMG_20150625_131825-300x225.jpg 300w, http:\/\/lopezdearenas.org\/inicio\/blog\/wp-content\/uploads\/2015\/05\/IMG_20150625_131825-400x300.jpg 400w, http:\/\/lopezdearenas.org\/inicio\/blog\/wp-content\/uploads\/2015\/05\/IMG_20150625_131825.jpg 1200w\" sizes=\"auto, (max-width: 584px) 100vw, 584px\" \/> <img loading=\"lazy\" decoding=\"async\" class=\"aligncenter wp-image-3742 size-large\" src=\"http:\/\/lopezdearenas.org\/inicio\/blog\/wp-content\/uploads\/2015\/05\/IMG_20150625_134525-1024x768.jpg\" alt=\"IMG_20150625_134525\" width=\"584\" height=\"438\" srcset=\"http:\/\/lopezdearenas.org\/inicio\/blog\/wp-content\/uploads\/2015\/05\/IMG_20150625_134525-1024x768.jpg 1024w, http:\/\/lopezdearenas.org\/inicio\/blog\/wp-content\/uploads\/2015\/05\/IMG_20150625_134525-300x225.jpg 300w, http:\/\/lopezdearenas.org\/inicio\/blog\/wp-content\/uploads\/2015\/05\/IMG_20150625_134525-400x300.jpg 400w, http:\/\/lopezdearenas.org\/inicio\/blog\/wp-content\/uploads\/2015\/05\/IMG_20150625_134525.jpg 1200w\" sizes=\"auto, (max-width: 584px) 100vw, 584px\" \/><\/p>\n","protected":false},"excerpt":{"rendered":"<p>ROBOTEANDO Programa Andaluc\u00eda Profundiza Un a\u00f1o m\u00e1s estamos desarrollando el programa profundiza de la Junta de Andaluc\u00eda este a\u00f1o profundizamos en la rob\u00f3tica a trav\u00e9s del paquete educativo de Lego mindstorm Ev3. 1\u00aa Sesi\u00f3n-Duraci\u00f3n 3h. Durante la primera sesi\u00f3n los &hellip; <a href=\"http:\/\/lopezdearenas.org\/inicio\/blog\/roboteando\/\">Sigue leyendo <span class=\"meta-nav\">&rarr;<\/span><\/a><\/p>\n","protected":false},"author":1,"featured_media":0,"parent":0,"menu_order":0,"comment_status":"open","ping_status":"open","template":"","meta":{"footnotes":""},"class_list":["post-3593","page","type-page","status-publish","hentry"],"jetpack_sharing_enabled":true,"_links":{"self":[{"href":"http:\/\/lopezdearenas.org\/inicio\/blog\/wp-json\/wp\/v2\/pages\/3593","targetHints":{"allow":["GET"]}}],"collection":[{"href":"http:\/\/lopezdearenas.org\/inicio\/blog\/wp-json\/wp\/v2\/pages"}],"about":[{"href":"http:\/\/lopezdearenas.org\/inicio\/blog\/wp-json\/wp\/v2\/types\/page"}],"author":[{"embeddable":true,"href":"http:\/\/lopezdearenas.org\/inicio\/blog\/wp-json\/wp\/v2\/users\/1"}],"replies":[{"embeddable":true,"href":"http:\/\/lopezdearenas.org\/inicio\/blog\/wp-json\/wp\/v2\/comments?post=3593"}],"version-history":[{"count":8,"href":"http:\/\/lopezdearenas.org\/inicio\/blog\/wp-json\/wp\/v2\/pages\/3593\/revisions"}],"predecessor-version":[{"id":3743,"href":"http:\/\/lopezdearenas.org\/inicio\/blog\/wp-json\/wp\/v2\/pages\/3593\/revisions\/3743"}],"wp:attachment":[{"href":"http:\/\/lopezdearenas.org\/inicio\/blog\/wp-json\/wp\/v2\/media?parent=3593"}],"curies":[{"name":"wp","href":"https:\/\/api.w.org\/{rel}","templated":true}]}}