{"id":290,"date":"2013-10-14T08:29:18","date_gmt":"2013-10-14T07:29:18","guid":{"rendered":"http:\/\/lopezdearenas.org\/inicio\/blog\/?page_id=290"},"modified":"2025-11-19T13:29:12","modified_gmt":"2025-11-19T12:29:12","slug":"departamento-de-matematicas","status":"publish","type":"page","link":"http:\/\/lopezdearenas.org\/inicio\/blog\/departamento-de-matematicas\/","title":{"rendered":"Departamento de Matem\u00e1ticas"},"content":{"rendered":"\n<p class=\"has-text-color has-link-color wp-elements-35bbba030e58af2edb40592b955d39a6\" style=\"color:#2a7ebe\"><strong><span style=\"text-decoration: underline;\">Profesorado<\/span><\/strong><span style=\"color: #008000;\"><strong>:<\/strong><\/span><\/p>\n\n\n\n<ul class=\"wp-block-list\">\n<li>Carmona Calvo, Montserrat (<strong>Jefa del Departamento<\/strong>)<\/li>\n\n\n\n<li>Fr\u00edas Gallardo, Miguel \u00c1ngel<\/li>\n\n\n\n<li>Gonz\u00e1lez Vera, Luis<\/li>\n\n\n\n<li>D\u00edaz Rodr\u00edguez, Mar\u00eda Elisa<\/li>\n\n\n\n<li>Ol\u00edas \u00c1lvarez, Mar\u00eda Jos\u00e9<\/li>\n\n\n\n<li>Torres Hurtado, Encarnaci\u00f3n Mar\u00eda<\/li>\n\n\n\n<li>Jim\u00e9nez Ontanilla, Rafael<\/li>\n<\/ul>\n\n\n\n<div class=\"wp-block-group has-light-gray-background-color has-background\"><div class=\"wp-block-group__inner-container is-layout-constrained wp-block-group-is-layout-constrained\">\n<p class=\"has-text-color has-link-color wp-elements-9567396636d4df767347b2c67dee30eb\" style=\"color:#155e95\"><strong><span style=\"text-decoration: underline;\">Materias<\/span>:<\/strong><\/p>\n\n\n\n<ul class=\"wp-block-list\">\n<li class=\"has-dark-gray-color has-text-color has-link-color wp-elements-33a0c5a3c62657435da1cc3b8aa1ecf4\">Matem\u00e1ticas 1\u00ba ESO<\/li>\n\n\n\n<li class=\"has-dark-gray-color has-text-color has-link-color wp-elements-13305fe1307aba0084599cb65d06ecce\">Matem\u00e1ticas 2\u00ba ESO<\/li>\n\n\n\n<li class=\"has-dark-gray-color has-text-color has-link-color wp-elements-757b0e5500044215324fcac24f4f8bda\">Matem\u00e1ticas 3\u00ba ESO&nbsp;&nbsp;&nbsp;&nbsp;&nbsp;&nbsp;<\/li>\n\n\n\n<li class=\"has-dark-gray-color has-text-color has-link-color wp-elements-faa97e59defb1e2858f80400124aa22a\">Matem\u00e1ticas orientadas a las ense\u00f1anzas Aplicadas 4\u00ba ESO&nbsp;&nbsp;&nbsp;&nbsp;&nbsp;&nbsp;<\/li>\n\n\n\n<li class=\"has-dark-gray-color has-text-color has-link-color wp-elements-a4999caf7c615d9cfae6f5e71192f53c\">Matem\u00e1ticas orientadas a las ense\u00f1anzas Acad\u00e9micas 4\u00ba ESO<\/li>\n\n\n\n<li class=\"has-dark-gray-color has-text-color has-link-color wp-elements-8a6de87ffc64675518d59b6baa540cb5\">Matem\u00e1ticas aplicadas a las Ciencias Sociales I<\/li>\n\n\n\n<li class=\"has-dark-gray-color has-text-color has-link-color wp-elements-fe050e6ca06a9d496144bfbf30dd2cfd\">Matem\u00e1ticas I<\/li>\n\n\n\n<li class=\"has-dark-gray-color has-text-color has-link-color wp-elements-88557840a0af637ae6793220d77ae95c\">Matem\u00e1ticas aplicadas a las Ciencias Sociales II&nbsp;<\/li>\n\n\n\n<li class=\"has-dark-gray-color has-text-color has-link-color wp-elements-41119291af583eb2fa834ad3e355ae4a\">Matem\u00e1ticas II<\/li>\n\n\n\n<li class=\"has-dark-gray-color has-text-color has-link-color wp-elements-1fc2f1ac8f2f095a30e38a3683012acd\">Estad\u00edstica<\/li>\n<\/ul>\n<\/div><\/div>\n\n\n\n<div class=\"wp-block-group\"><div class=\"wp-block-group__inner-container is-layout-flow wp-block-group-is-layout-flow\">\n<h1><span style=\"color: #000080;\"><strong data-rich-text-format-boundary=\"true\"><span style=\"text-decoration: underline;\">Criterios de evaluaci\u00f3n<\/span>:<\/strong><\/span><\/h1>\n<\/div><\/div>\n\n\n\n<div class=\"wp-block-group has-background is-vertical is-layout-flex wp-container-core-group-is-layout-8cf370e7 wp-block-group-is-layout-flex\" style=\"background-color:#fafafa\">\n<div class=\"wp-block-file\"><a id=\"wp-block-file--media-4371f4eb-1c10-4f60-aad8-fcfcb49b3983\" href=\"https:\/\/lopezdearenas.org\/inicio\/blog\/wp-content\/uploads\/2025\/04\/CRITERIOS-EVALUACION-ESO.pdf\">CRITERIOS EVALUACI\u00d3N ESO<\/a><\/div>\n\n\n\n<div class=\"wp-block-file\"><a id=\"wp-block-file--media-fcd2e4e4-d3f2-4b9e-b068-a431cd604a1a\" href=\"https:\/\/lopezdearenas.org\/inicio\/blog\/wp-content\/uploads\/2025\/04\/CRITERIOS-EVALUACION-BACHILLERATO.pdf\">CRITERIOS EVALUACI\u00d3N BACHILLERATO<\/a><\/div>\n<\/div>\n\n\n\n<p><\/p>\n","protected":false},"excerpt":{"rendered":"<p>Profesorado: Materias: Criterios de evaluaci\u00f3n:<\/p>\n","protected":false},"author":1,"featured_media":0,"parent":0,"menu_order":0,"comment_status":"closed","ping_status":"open","template":"","meta":{"footnotes":""},"class_list":["post-290","page","type-page","status-publish","hentry"],"jetpack_sharing_enabled":false,"_links":{"self":[{"href":"http:\/\/lopezdearenas.org\/inicio\/blog\/wp-json\/wp\/v2\/pages\/290","targetHints":{"allow":["GET"]}}],"collection":[{"href":"http:\/\/lopezdearenas.org\/inicio\/blog\/wp-json\/wp\/v2\/pages"}],"about":[{"href":"http:\/\/lopezdearenas.org\/inicio\/blog\/wp-json\/wp\/v2\/types\/page"}],"author":[{"embeddable":true,"href":"http:\/\/lopezdearenas.org\/inicio\/blog\/wp-json\/wp\/v2\/users\/1"}],"replies":[{"embeddable":true,"href":"http:\/\/lopezdearenas.org\/inicio\/blog\/wp-json\/wp\/v2\/comments?post=290"}],"version-history":[{"count":30,"href":"http:\/\/lopezdearenas.org\/inicio\/blog\/wp-json\/wp\/v2\/pages\/290\/revisions"}],"predecessor-version":[{"id":17354,"href":"http:\/\/lopezdearenas.org\/inicio\/blog\/wp-json\/wp\/v2\/pages\/290\/revisions\/17354"}],"wp:attachment":[{"href":"http:\/\/lopezdearenas.org\/inicio\/blog\/wp-json\/wp\/v2\/media?parent=290"}],"curies":[{"name":"wp","href":"https:\/\/api.w.org\/{rel}","templated":true}]}}